3132 (base 8) in base 5?
-23001
-4db (base 15) to base 14
-590
What is 63575 (base 8) in base 14?
9925
13602 (base 8) to base 16
1782
-339 (base 15) to base 7
-2061
What is -4071 (base 11) in base 14?
-1d7c
What is -2022 (base 3) in base 9?
-68
Convert -103012 (base 4) to base 16.
-4c6
1101323 (base 4) to base 6
40135
-13322233 (base 4) to base 2
-111111010101111
What is -318 (base 10) in base 6?
-1250
-11110111111 (base 2) to base 9
-2643
-11100001 (base 2) to base 5
-1400
Convert 11010100100111 (base 2) to base 7.
54446
Convert 110010110 (base 2) to base 4.
12112
Convert -b2a0 (base 14) to base 4.
-13133330
260 (base 13) to base 5
3131
What is 1492 (base 13) in base 15?
d47
-75c (base 13) to base 7
-3450
What is -26524 (base 7) in base 8?
-15723
564 (base 9) to base 2
111001111
Convert 100001001000000 (base 2) to base 3.
212021011
Convert 1811 (base 10) to base 3.
2111002
338a9 (base 12) to base 15
15533
-2233 (base 4) to base 2
-10101111
Convert -379 (base 14) to base 11.
-582
What is 6577 (base 13) in base 7?
56116
What is 3364 (base 10) in base 15?
ee4
388 (base 10) to base 9
471
What is 7e (base 15) in base 11?
a9
What is 3d4 (base 16) in base 3?
1100022
1101122100 (base 3) to base 10
27441
-1212213 (base 4) to base 5
-202232
-16bc (base 13) to base 12
-1b46
What is 14640 (base 8) in base 10?
6560
What is -11810 (base 9) in base 11?
-5a75
-11680 (base 9) to base 5
-222343
Convert ffb (base 16) to base 9.
5545
-5897 (base 13) to base 4
-3002231
1230201 (base 6) to base 11
45794
What is 1ca1 (base 16) in base 11?
5563
What is -113032 (base 6) in base 13?
-4583
Convert 11342 (base 5) to base 15.
3b7
What is 2338 (base 11) in base 8?
5772
2120044 (base 5) to base 10
35649
What is -11142 (base 7) in base 2?
-101100000111
Convert 274 (base 10) to base 5.
2044
-1012 (base 5) to base 16
-84
-6513 (base 7) to base 10
-2313
-1101110111 (base 2) to base 14
-475
Convert b46 (base 16) to base 6.
21210
Convert -21b9 (base 15) to base 10.
-7149
Convert -215 (base 16) to base 12.
-385
Convert -9384 (base 15) to base 10.
-31174
Convert 23003 (base 8) to base 13.
4577
-131 (base 7) to base 12
-5b
What is -982 (base 14) in base 7?
-5322
What is -f115 (base 16) in base 8?
-170425
Convert -23312 (base 4) to base 2.
-1011110110
What is 85b (base 13) in base 2?
10110010100
What is -41000 (base 6) in base 3?
-21102000
What is 3142 (base 8) in base 6?
11322
-1010101110 (base 2) to base 6
-3102
Convert -487 (base 16) to base 5.
-14114
Convert 1011101000 (base 2) to base 5.
10434
What is 11110100101000 (base 2) in base 14?
59c4
67324 (base 8) to base 13
cbb6
What is -879 (base 16) in base 15?
-999
231 (base 10) to base 16
e7
2b7 (base 12) to base 9
524
Convert -3031131 (base 4) to base 12.
-7739
Convert 220012111 (base 3) to base 12.
a264
Convert 3042 (base 5) to base 4.
12031
-1114431 (base 5) to base 6
-232315
Convert -1111 (base 7) to base 16.
-190
239 (base 10) to base 13
155
What is -18 (base 11) in base 13?
-16
Convert -3440 (base 13) to base 10.
-7319
Convert 17285 (base 12) to base 4.
20013011
Convert 102122 (base 4) to base 12.
822
Convert 261223 (base 7) to base 5.
3022403
What is -15632 (base 8) in base 3?
-100200201
Convert 6d7e (base 15) to base 13.
a7ab
-a5c (base 15) to base 5
-33322
What is -301011 (base 5) in base 3?
-111001002
Convert 17105 (base 10) to base 2.
100001011010001
Convert -418 (base 10) to base 11.
-350
What is 52a4 (base 16) in base 10?
21156
-299 (base 14) to base 12
-37b
116 (base 15) to base 13
15c
819 (base 15) to base 6
12240
100022211 (base 3) to base 16
1a8f
-382 (base 13) to base 15
-2ad
What is -1666 (base 9) in base 16?
-4fb
What is 18b1 (base 13) in base 16?
e6d
What is -3716 (base 14) in base 7?
-40026
What is 220231 (base 4) in base 2?
101000101101
What is 79 (base 14) in base 10?
107
What is -212 (base 3) in base 7?
-32
What is -61 (base 10) in base 11?
-56
Convert 111102 (base 6) to base 2.
10010001101110
Convert -2d6c (base 15) to base 6.
-113133
1221430 (base 5) to base 11
16611
What is -1000101010011 (base 2) in base 6?
-32311
What is -38152 (base 10) in base 5?
-2210102
121212 (base 4) to base 5
23023
-205533 (base 6) to base 10
-16833
-142562 (base 8) to base 16
-c572
What is -1101101010000 (base 2) in base 13?
-324b
What is 12231312 (base 4) in base 6?
331210
What is 1002121 (base 3) in base 6?
3411
Convert -2120222122 (base 3) to base 6.
-1032112
2011310 (base 4) to base 14
319a
Convert 110211021 (base 3) to base 10.
9349
Convert 5d02 (base 15) to base 7.
111506
Convert -4a3b (base 15) to base 14.
-5a90
What is -2546 (base 9) in base 3?
-2121120
Convert 7b0 (base 12) to base 7.
3216
Convert 4776 (base 12) to base 10.
8010
Convert 8096 (base 11) to base 4.
2220001
Convert 1011002 (base 4) to base 14.
1878
What is 16433 (base 8) in base 3?
101012222
What is -32 (base 16) in base 2?
-110010
1a5 (base 11) to base 16
ec
-703 (base 14) to base 16
-55f
-3744 (base 8) to base 10
-2020
What is 145432 (base 6) in base 12?
8278
Convert -459 (base 11) to base 3.
-202022
Convert -60302 (base 8) to base 12.
-12402
What is -212221201 (base 3) in base 5?
-1024321
What is -915 (base 15) in base 8?
-3775
-421 (base 8) to base 16
-111
Convert -1101012 (base 3) to base 7.
-2633
15410 (base 6) to base 13
11c4
What is -555 (base 14) in base 16?
-41f
-3323032 (base 4) to base 3
-211001111
-2536 (base 15) to base 12
-4706
-15277 (base 9) to base 8
-24306
What is -2054 (base 7) in base 16?
-2d5
-243 (base 12) to base 4
-11103
1010111111111 (base 2) to base 15
1a06
Convert -1130 (base 7) to base 12.
-2a5
Convert -36 (base 10) to base 5.
-121
What is -1001101000111 (base 2) in base 11?
-3787
aa3 (base 11) to base 12
923
315204 (base 7) to base 13
1bb40
What is 320 (base 13) in base 10?
533
Convert -60ca (base 13) to base 2.
-11010000100100
-13653 (base 12) to base 3
-1100211100
706 (base 8) to base 10
454
13926 (base 13) to base 9
55313
-50123 (base 6) to base 10
-6531
Convert 1615 (base 7) to base 10.
649
Convert 488 (base 9) to base 6.
1512
What is 3213 (base 5) in base 4?
12301
228d2 (base 14) to base 7
500052
Convert 20064 (base 8) to base 9.
12270
Convert 83a1 (base 11) to base 6.
123254
What is -474b (base 16) in base 14?
-6919
340 (base 12) to base 7
1254
What is 1102212 (base 3) in base 14?
54d
Convert 2142 (base 5) to base 15.
14c
Convert 311 (base 5) to base 11.
74
-322020 (base 4) to base 8
-7210
-323 (base 4) to base 16
-3b
Convert 32232 (base 10) to base 15.
983c
Convert -10040 (base 5) to base 12.
-459
What is 9531 (base 12) in base 16?
3fb5
-39 (base 10) to base 4
-213
What is 5201 (base 7) in base 13?
a97
What is 1a7 (base 14) in base 13?
205
-26065 (base 7) to base 10
-6907
Convert -1412 (base 7) to base 13.
-332
167 (base 16) to base 9
438
Convert 5f9c (base 16) to base 11.
17431
Convert -7eab (base 16) to base 12.
-16923
What is -1523 (base 6) in base 3?
-120020
612 (base 9) to base 14
277
What is -21000010 (base 3) in base 10?
-5106
What is 546 (base 9) in base 10?
447
102247 (base 8) to base 16
84a7
-13479 (base 10) to base 15
-3ed9
2425 (base 7) to base 6
4101
Convert 110200222 (base 3) to base 12.
5438
Convert 2000120 (base 3) to base 15.
683
-7f (base 16) to base 8
-177
-1215 (base 9) to base 13
-548
121200022 (base 3) to base 12
7052
What is 7101 (base 9) in base 12?
3001
Convert -1205a (base 11) to base 10.
-17368
Convert -50410 (base 7) to base 3.
-121202011
Convert -1001211122 (base 3) to base 15.
-6368
-111100010010001 (base 2) to base 5
-1441430
Convert -101001111000 (base 2) to base 7.
-10546
Convert 235 (base 11) to base 9.
341
Convert 202122 (base 3) to base 14.
2bb
What is 2cc4 (base 16) in base 2?
10110011000100
-2560 (base 15) to base 5
-223330
-832a (base 11) to base 9
-16130
What is 342233 (base 5) in base 3?
121201121
What is 10000011010 (base 2) in base 9?
1386
What is -30133 (base 4) in base 10?
-799
What is 3213 (base 7) in base 12?
7a9
26979 (base 12) to base 13
1b2c7
What is -52564 (base 7) in base 13?
-5ba8
Convert -21112102 (base 3) to base 10.
-5492
What is 64 (base 9) in base 15?
3d
-30313 (base 4) to base 2
-1100110111
What is -24020 (base 5) in base 8?
-3340
Convert 121 (base 16) to base 5.
2124
Convert -1101201001 (base 3) to base 10.
-27487
What is -111010110 (base 2) in base 10?
-